hat is the remainder when 255 is divided by 20?
15
Calculate the remainder when 612 is divided by 53.
29
What is the remainder when 124 is divided by 22?
14
What is the remainder when 7796 is divided by 35?
26
What is the remainder when 434 is divided by 55?
49
What is the remainder when 565 is divided by 80?
5
Calculate the remainder when 108 is divided by 28.
24
What is the remainder when 109 is divided by 11?
10
Calculate the remainder when 85 is divided by 24.
13
What is the remainder when 3542 is divided by 1767?
8
What is the remainder when 202 is divided by 16?
10
Calculate the remainder when 34 is divided by 18.
16
What is the remainder when 477 is divided by 22?
15
What is the remainder when 57964 is divided by 91?
88
What is the remainder when 49 is divided by 44?
5
What is the remainder when 295 is divided by 144?
7
What is the remainder when 2976 is divided by 17?
1
Calculate the remainder when 142 is divided by 29.
26
Calculate the remainder when 372 is divided by 178.
16
What is the remainder when 575 is divided by 19?
5
What is the remainder when 1234 is divided by 52?
38
Calculate the remainder when 38 is divided by 18.
2
What is the remainder when 4067 is divided by 13?
11
Calculate the remainder when 476 is divided by 26.
8
What is the remainder when 11 is divided by 10?
1
Calculate the remainder when 1572 is divided by 198.
186
What is the remainder when 533 is divided by 256?
21
What is the remainder when 351 is divided by 128?
95
What is the remainder when 115 is divided by 55?
5
Calculate the remainder when 74 is divided by 19.
17
What is the remainder when 202 is divided by 51?
49
What is the remainder when 10796 is divided by 2699?
0
What is the remainder when 25 is divided by 16?
9
Calculate the remainder when 92 is divided by 30.
2
Calculate the remainder when 2308 is divided by 17.
13
What is the remainder when 251 is divided by 36?
35
What is the remainder when 557 is divided by 28?
25
What is the remainder when 739 is divided by 53?
50
What is the remainder when 1609 is divided by 23?
22
What is the remainder when 2168 is divided by 716?
20
What is the remainder when 3993 is divided by 15?
3
Calculate the remainder when 805 is divided by 89.
4
What is the remainder when 134 is divided by 9?
8
Calculate the remainder when 7349 is divided by 35.
34
Calculate the remainder when 1525 is divided by 67.
51
What is the remainder when 28558 is divided by 210?
208
Calculate the remainder when 137 is divided by 57.
23
Calculate the remainder when 101 is divided by 25.
1
What is the remainder when 1979 is divided by 16?
11
Calculate the remainder when 16372 is divided by 103.
98
Calculate the remainder when 48 is divided by 10.
8
What is the remainder when 2158 is divided by 180?
178
What is the remainder when 47720 is divided by 97?
93
Calculate the remainder when 278 is divided by 64.
22
What is the remainder when 1934 is divided by 1922?
12
What is the remainder when 688 is divided by 104?
64
What is the remainder when 3642 is divided by 64?
58
What is the remainder when 856 is divided by 11?
9
Calculate the remainder when 10618 is divided by 180.
178
What is the remainder when 311 is divided by 45?
41
What is the remainder when 831 is divided by 31?
25
Calculate the remainder when 154 is divided by 69.
16
What is the remainder when 1766 is divided by 298?
276
What is the remainder when 253 is divided by 51?
49
What is the remainder when 18503 is divided by 18?
17
What is the remainder when 723 is divided by 671?
52
What is the remainder when 59 is divided by 36?
23
What is the remainder when 418 is divided by 21?
19
Calculate the remainder when 11317 is divided by 14.
5
What is the remainder when 1992 is divided by 132?
12
What is the remainder when 8512 is divided by 131?
128
What is the remainder when 307 is divided by 87?
46
What is the remainder when 305 is divided by 128?
49
Calculate the remainder when 48 is divided by 47.
1
What is the remainder when 336 is divided by 333?
3
What is the remainder when 1220 is divided by 68?
64
What is the remainder when 944 is divided by 119?
111
Calculate the remainder when 62 is divided by 24.
14
What is the remainder when 323 is divided by 81?
80
Calculate the remainder when 98 is divided by 22.
10
What is the remainder when 501 is divided by 9?
6
What is the remainder when 909 is divided by 152?
149
Calculate the remainder when 127 is divided by 57.
13
What is the remainder when 773 is divided by 235?
68
Calculate the remainder when 7126 is divided by 132.
130
Calculate the remainder when 125 is divided by 21.
20
Calculate the remainder when 487 is divided by 31.
22
What is the remainder when 2699 is divided by 17?
13
What is the remainder when 401 is divided by 23?
10
What is the remainder when 62 is divided by 21?
20
Calculate the remainder when 1295 is divided by 68.
3
Calculate the remainder when 1734 is divided by 116.
110
What is the remainder when 1272 is divided by 13?
11
What is the remainder when 33660 is divided by 41?
40
What is the remainder when 48 is divided by 26?
22
What is the remainder when 337 is divided by 69?
61
Calculate the remainder when 365 is divided by 46.
43
Calculate the remainder when 59 is divided by 5.
4
What is the remainder when 1535 is divided by 128?
127
What is the remainder when 180 is divided by 38?
28
What is the remainder when 33 is divided by 11?
0
Calculate the remainder when 364 is divided by 117.
13
Calculate the remainder when 53 is divided by 27.
26
What is the remainder when 174 is divided by 28?
6
Calculate the remainder when 300 is divided by 112.
76
Calculate the remainder when 1823 is divided by 13.
3
What is the remainder when 255 is divided by 22?
13
What is the remainder when 846 is divided by 167?
11
Calculate the remainder when 227 is divided by 59.
50
What is the remainder when 215 is divided by 6?
5
What is the remainder when 1899 is divided by 173?
169
What is the remainder when 168 is divided by 31?
13
What is the remainder when 9151 is divided by 20?
11
What is the remainder when 103 is divided by 5?
3
Calculate the remainder when 326 is divided by 132.
62
Calculate the remainder when 355 is divided by 135.
85
What is the remainder when 336 is divided by 166?
4
What is the remainder when 12038 is divided by 40?
38
What is the remainder when 6418 is divided by 17?
9
What is the remainder when 3786 is divided by 111?
12
Calculate the remainder when 133 is divided by 34.
31
What is the remainder when 699 is divided by 18?
15
Calculate the remainder when 206 is divided by 52.
50
What is the remainder when 398 is divided by 82?
70
Calculate the remainder when 224 is divided by 22.
4
Calculate the remainder when 623 is divided by 125.
123
What is the remainder when 185 is divided by 63?
59
Calculate the remainder when 49 is divided by 34.
15
Calculate the remainder when 125 is divided by 48.
29
Calculate the remainder when 1443 is divided by 9.
3
Calculate the remainder when 4941 is divided by 14.
13
Calculate the remainder when 101 is divided by 26.
23
What is the remainder when 313 is divided by 55?
38
Calculate the remainder when 84 is divided by 33.
18
What is the remainder when 457 is divided by 23?
20
Calculate the remainder when 95 is divided by 14.
11
Calculate the remainder when 2539 is divided by 12.
7
Calculate the remainder when 3453 is divided by 24.
21
Calculate the remainder when 3648 is divided by 41.
40
What is the remainder when 24127 is divided by 38?
35
What is the remainder when 1352 is divided by 228?
212
What is the remainder when 215 is divided by 52?
7
Calculate the remainder when 40 is divided by 11.
7
What is the remainder when 306 is divided by 22?
20
Calculate the remainder when 5997 is divided by 20.
17
What is the remainder when 701 is divided by 182?
155
What is the remainder when 1516 is divided by 39?
34
Calculate the remainder when 4889 is divided by 51.
44
What is the remainder when 87 is divided by 10?
7
Calculate the remainder when 204 is divided by 19.
14
What is the remainder when 716 is divided by 60?
56
Calculate the remainder when 1443 is divided by 21.
15
What is the remainder when 101 is divided by 52?
49
What is the remainder when 531 is divided by 3?
0
What is the remain